Is 11429 composite?
True
Is 20431 composite?
False
Is 12667 composite?
True
Is 1559 prime?
True
Is 28277 composite?
False
Is 1234679 a composite number?
True
Is 1819687 a prime number?
False
Is 24031 a composite number?
True
Is 3453 a prime number?
False
Is 58189 a prime number?
True
Is 1747929 a composite number?
True
Is 357801 a composite number?
True
Is 4471 a prime number?
False
Is 932081 composite?
False
Is 149 a prime number?
True
Is 29703 a composite number?
True
Is 49745 composite?
True
Is 452923 a composite number?
False
Is 19853 a prime number?
True
Is 12779 a prime number?
False
Is 490643 composite?
False
Is 25161 a prime number?
False
Is 19577 a prime number?
True
Is 53353 a composite number?
False
Is 3863 prime?
True
Is 13957 a composite number?
True
Is 51533 a composite number?
True
Is 703 a composite number?
True
Is 3073 composite?
True
Is 25741 composite?
False
Is 5730349 a prime number?
True
Is 44381 composite?
False
Is 6599 composite?
False
Is 122159 a composite number?
True
Is 67839 composite?
True
Is 22829 a composite number?
True
Is 10991 prime?
False
Is 843853 a prime number?
False
Is 210523 a prime number?
True
Is 23245 a prime number?
False
Is 7819 composite?
True
Is 35051 prime?
True
Is 93877 a prime number?
False
Is 256285 prime?
False
Is 605347 a prime number?
True
Is 5539 a composite number?
True
Is 15449 a prime number?
False
Is 1241 a prime number?
False
Is 224195 a prime number?
False
Is 1073 a composite number?
True
Is 6469 prime?
True
Is 52919 prime?
True
Is 199399 prime?
True
Is 1007797 a composite number?
True
Is 7279 a prime number?
False
Is 10661 composite?
True
Is 1865 a composite number?
True
Is 303566 a prime number?
False
Is 1405987 composite?
True
Is 48929 a composite number?
True
Is 5039 a composite number?
False
Is 2757 composite?
True
Is 13863 composite?
True
Is 785569 composite?
False
Is 2243 composite?
False
Is 36779 composite?
False
Is 131951 a prime number?
False
Is 62591 prime?
True
Is 74843 prime?
True
Is 63647 a composite number?
False
Is 14281 a prime number?
True
Is 2350951 composite?
False
Is 43853 composite?
False
Is 316814 a composite number?
True
Is 43391 prime?
True
Is 717343 a composite number?
True
Is 52289 a prime number?
True
Is 156931 a prime number?
False
Is 94891 composite?
True
Is 2865463 a composite number?
False
Is 7773 a prime number?
False
Is 18013 a prime number?
True
Is 57521 a prime number?
False
Is 19333 prime?
True
Is 8603 a composite number?
True
Is 34229 a composite number?
True
Is 725789 composite?
False
Is 1014301 a composite number?
False
Is 39971 a prime number?
True
Is 3359 a prime number?
True
Is 151999 prime?
False
Is 1582667 composite?
True
Is 11783 composite?
False
Is 5021 composite?
False
Is 17363 a prime number?
False
Is 845407 a prime number?
False
Is 2858 a composite number?
True
Is 33679 prime?
True
Is 53231 prime?
True
Is 20639 composite?
False
Is 187603 a prime number?
False
Is 1307701 a prime number?
True
Is 353411 prime?
True
Is 28889 a prime number?
False
Is 182109 prime?
False
Is 870617 a prime number?
False
Is 21309 composite?
True
Is 4597 a composite number?
False
Is 2243 a composite number?
False
Is 709903 prime?
False
Is 92881 prime?
False
Is 20639 a prime number?
True
Is 10589 a composite number?
False
Is 2772083 prime?
False
Is 1686247 composite?
True
Is 29966 prime?
False
Is 16237 composite?
True
Is 293653 composite?
True
Is 23267 composite?
True
Is 6043 a composite number?
False
Is 657893 a composite number?
False
Is 16649 composite?
False
Is 361409 prime?
True
Is 2474 prime?
False
Is 270007 prime?
False
Is 134471 a composite number?
False
Is 91109 a prime number?
False
Is 504069 composite?
True
Is 2911853 a composite number?
True
Is 4198 a composite number?
True
Is 5069 prime?
False
Is 676457 a composite number?
True
Is 1499 composite?
False
Is 221797 prime?
True
Is 22739 composite?
False
Is 11311 composite?
False
Is 9689 composite?
False
Is 107186 composite?
True
Is 10937 a composite number?
False
Is 4547 a prime number?
True
Is 208553 composite?
False
Is 1481 prime?
True
Is 80485 a prime number?
False
Is 6499 prime?
False
Is 24401 prime?
False
Is 1368727 prime?
True
Is 152731 prime?
False
Is 1817 a prime number?
False
Is 337097 a composite number?
False
Is 103591 a prime number?
True
Is 5422853 prime?
True
Is 398303 a prime number?
True
Is 72613 composite?
False
Is 867851 a composite number?
True
Is 30235 prime?
False
Is 387227 a composite number?
False
Is 669707 composite?
False
Is 64393 a composite number?
True
Is 4561 composite?
False
Is 118115 composite?
True
Is 37747 composite?
False
Is 3967 a prime number?
True
Is 63911 a composite number?
True
Is 559029 a prime number?
False
Is 158993 a prime number?
True
Is 386887 a prime number?
True
Is 107507 composite?
False
Is 179005 prime?
False
Is 28759 a prime number?
True
Is 45947 a composite number?
True
Is 30869 composite?
False
Is 12517 prime?
True
Is 8977 prime?
False
Is 397 composite?
False
Is 208739 a prime number?
True
Is 2056627 a composite number?
False
Is 1765 prime?
False
Is 46523 a prime number?
True
Is 98801 a composite number?
False
Is 565 a prime number?
False
Is 3643 a prime number?
True
Is 49597 a prime number?
True
Is 232721 a composite number?
True
Is 411113 a composite number?
False
Is 43391 composite?
False
Is 171233 prime?
True
Is 7069 prime?
True
Is 445567 a composite number?
False
Is 83717 a prime number?
True
Is 84557 a composite number?
True
Is 78467 a composite number?
False
Is 203893 composite?
True
Is 114991 composite?
True
Is 681167 a composite number?
False
Is 278897 a composite number?
True
Is 1415663 prime?
False
Is 75629 a prime number?
True
Is 30757 prime?
True
Is 1287157 a composite number?
False
Is 791 a composite number?
True
Is 355669 a prime number?
True
Is 49097 a prime number?
False
Is 425611 prime?
False
Is 26849 prime?
True
Is 6619 composite?
False
Is 295 a composite number?
True
Is 240449 a prime number?
False
Is 29299 prime?
False
Is 2044151 composite?
False
Is 23455 a prime number?
False
Is 43114 prime?
False
Is 16537 a prime number?
False
Is 40871 composite?
True
Is 2137 a prime number?
True
Is 521 prime?
True
Is 50671 a prime number?
True
Is 291491 a prime number?
True
Is 445199 a composite number?
False
Is 30669 prime?
False
Is 19219 composite?
False
Is 4391 a prime number?
True
Is 1379 a prime number?
False
Is 8026 a prime number?
False
Is 124121 a prime number?
True
Is 382247 composite?
True
Is 5147 prime?
True
Is 286381 composite?
False
Is 267191 a composite number?
True
Is 10327 prime?
False
Is 34967 composite?
True
Is 3641 prime?
False
Is 123797 a prime number?
False
Is 12839 composite?
True
Is 68246 composite?
True
Is 7744235 composite?
True
Is 209 prime?
False
Is 98357 a composite number?
True
Is 101237 a composite number?
True
Is 34807 a composite number?
False
Is 1271845 a composite number?
True
Is 186097 a prime number?
True
Is 65643 prime?
False
Is 607286 composite?
True
Is 21247 a composite number?
False
Is 681 composite?
True
Is 95051 composite?
True
Is 36829 a composite number?
True
Is 174257 a composite number?
False
Is 15459 a prime number?
False
Is 3571 a prime number?
True
Is 2038 a prime number?
False
Is 37543 composite?
True
Is 1709 a composite number?
False
Is 9987 a prime number?
False
Is 25817 prime?
False
Is 233113 a composite number?
False
Is 11369 composite?
False
Is 2140997 prime?
False
Is 40231 a prime number?
True
Is 5295515 a prime number?
False
Is 198427 composite?
False
Is 955 prime?
False
Is 19177 composite?
True
Is 180413 a composite number?
False
Is 158071 a prime number?
True
Is 49587 a prime number?
False
Is 135547 composite?
True
Is 1017119 a prime number?
True
Is 1228373 prime?
True
Is 9239 composite?
False
Is 58717 prime?
False
Is 14869 a composite number?
False
Is 12746 prime?
False
Is 536593 a composite number?
False
Is 18742 a composite number?
True
Is 1044047 prime?
False
Is 15305 a prime number?
False
Is 3943 prime?
True
Is 16331 prime?
False
Is 416459 a composite number?
False
Is 3371 a prime number?
True
Is 2689309 a prime number?
False
Is 161323 prime?
True
Is 254051 composite?
True
Is 10007 a composite number?
False
Is 9797 composite?
True
Is 80501 a prime number?
False
Is 4963 a prime